234?
2, 11, 13, 25303319
What are the prime factors of 815250?
2, 3, 5, 1087
List the prime factors of 21937450.
2, 5, 271, 1619
List the prime factors of 2752312172.
2, 17, 40475179
List the prime factors of 2314594939.
127, 18225157
What are the prime factors of 6136613376?
2, 3, 3995191
What are the prime factors of 24042327?
3, 1607, 4987
List the prime factors of 44573155.
5, 11, 43, 47, 401
What are the prime factors of 430446471?
3, 7, 13, 73, 21599
What are the prime factors of 534988642?
2, 3167, 84463
What are the prime factors of 278717071?
83, 3358037
List the prime factors of 2374021537.
373, 593, 10733
List the prime factors of 60836854.
2, 13, 2339879
What are the prime factors of 908623792?
2, 61, 829, 1123
What are the prime factors of 369722780?
2, 5, 7, 967, 2731
List the prime factors of 44512524.
2, 3, 7, 97, 607
List the prime factors of 64202821.
23, 463, 6029
What are the prime factors of 634738282?
2, 17, 19, 53, 18539
List the prime factors of 146174313.
3, 17, 2866163
List the prime factors of 5326174.
2, 7, 380441
What are the prime factors of 872557088?
2, 13, 37, 83, 683
What are the prime factors of 47160966?
2, 3, 653, 12037
What are the prime factors of 122432491?
53, 1109, 2083
What are the prime factors of 381030019?
381030019
What are the prime factors of 321186313?
7, 449, 102191
List the prime factors of 426297331.
426297331
List the prime factors of 30198127.
839, 35993
What are the prime factors of 42979248?
2, 3, 13, 2551
What are the prime factors of 7596609?
3, 631, 4013
List the prime factors of 27136367.
89, 304903
List the prime factors of 409241837.
1321, 309797
What are the prime factors of 518150408?
2, 83, 780347
List the prime factors of 65961955.
5, 17, 31, 25033
List the prime factors of 1889097287.
7, 11, 19, 1291249
What are the prime factors of 297964075?
5, 67, 177889
List the prime factors of 502973632.
2, 7, 160387
What are the prime factors of 884226102?
2, 3, 151, 975967
List the prime factors of 4084138364.
2, 1021034591
List the prime factors of 78531279.
3, 17, 37, 41617
List the prime factors of 1795201541.
7, 139, 1845017
List the prime factors of 1370091131.
1021, 1341911
What are the prime factors of 14825086?
2, 37, 89, 2251
List the prime factors of 80513591.
37, 211, 10313
What are the prime factors of 22857492?
2, 3, 7, 23, 11831
What are the prime factors of 85499939?
7, 673, 18149
List the prime factors of 1200363545.
5, 103, 757, 3079
What are the prime factors of 1180986796?
2, 11, 23, 41, 28463
What are the prime factors of 559389623?
13, 43, 1000697
What are the prime factors of 3804589309?
3804589309
What are the prime factors of 173218007?
79, 2192633
What are the prime factors of 260641980?
2, 3, 5, 23, 157, 401
List the prime factors of 102058397.
7, 977, 14923
What are the prime factors of 1797511089?
3, 11, 29, 1878277
What are the prime factors of 787810978?
2, 149, 2643661
What are the prime factors of 7449876?
2, 3, 7, 17, 37, 47
What are the prime factors of 1351598866?
2, 41, 16482913
List the prime factors of 645260127.
3, 5167, 41627
What are the prime factors of 51446686?
2, 3323, 7741
What are the prime factors of 747262615?
5, 11, 13586593
What are the prime factors of 419791738?
2, 19, 581429
List the prime factors of 1920706386.
2, 3, 1459, 219409
What are the prime factors of 5498817347?
5498817347
What are the prime factors of 42757156?
2, 13, 822253
List the prime factors of 5198906832.
2, 3, 7, 31, 499127
What are the prime factors of 752103588?
2, 3, 23, 37, 47, 1567
What are the prime factors of 339979862?
2, 169989931
List the prime factors of 77121105.
3, 5, 5141407
What are the prime factors of 81387002?
2, 139, 292759
List the prime factors of 1705792539.
3, 11, 23, 204311
What are the prime factors of 239912724?
2, 3, 23, 869249
What are the prime factors of 1036853928?
2, 3, 11, 83, 15773
What are the prime factors of 35081311?
97, 361663
What are the prime factors of 107274449?
59, 73, 24907
What are the prime factors of 175894453?
7, 211, 119089
What are the prime factors of 142061872?
2, 8878867
List the prime factors of 49897392.
2, 3, 593, 1753
List the prime factors of 3773517004.
2, 29, 1511, 21529
What are the prime factors of 369359320?
2, 5, 11, 839453
What are the prime factors of 1467550408?
2, 183443801
What are the prime factors of 947756731?
947756731
List the prime factors of 3792092948.
2, 7, 883, 21911
What are the prime factors of 3342975766?
2, 13, 128575991
What are the prime factors of 111887809?
11, 599, 16981
List the prime factors of 4339728980.
2, 5, 2777, 78137
List the prime factors of 355209177.
3, 241, 491299
What are the prime factors of 291992970?
2, 3, 5, 61, 379, 421
List the prime factors of 5297879649.
3, 19, 92945257
What are the prime factors of 1199509959?
3, 399836653
List the prime factors of 207796404.
2, 3, 17316367
List the prime factors of 146173777.
146173777
What are the prime factors of 402296666?
2, 229, 878377
List the prime factors of 797356261.
13, 19, 3228163
What are the prime factors of 1446144295?
5, 289228859
What are the prime factors of 1367495735?
5, 273499147
What are the prime factors of 8206956?
2, 3, 277, 823
List the prime factors of 66030869.
41, 487, 3307
What are the prime factors of 3090779261?
23, 134381707
What are the prime factors of 80070932?
2, 1889, 10597
List the prime factors of 145729641.
3, 79, 614893
List the prime factors of 57648940.
2, 5, 2882447
List the prime factors of 33930208.
2, 13, 81563
List the prime factors of 949646017.
6959, 136463
What are the prime factors of 1646709464?
2, 205838683
List the prime factors of 138784675.
5, 31, 131, 1367
What are the prime factors of 60336132?
2, 3, 5028011
List the prime factors of 7939536.
2, 3, 11, 1367
What are the prime factors of 8346095?
5, 1669219
What are the prime factors of 6088589659?
29423, 206933
What are the prime factors of 77953260?
2, 3, 5, 7, 11, 47, 359
What are the prime factors of 30549493?
13, 17, 137, 1009
What are the prime factors of 34633178?
2, 17316589
What are the prime factors of 358214367?
3, 7, 17057827
List the prime factors of 93326194.
2, 13, 276113
List the prime factors of 518739057.
3, 43, 1340411
What are the prime factors of 8403722?
2, 4201861
List the prime factors of 916071194.
2, 458035597
What are the prime factors of 1380001067?
1621, 851327
List the prime factors of 29914297.
7, 41, 104231
List the prime factors of 17070602.
2, 103, 173, 479
What are the prime factors of 36834638?
2, 23, 151, 5303
List the prime factors of 543238882.
2, 2939, 92419
What are the prime factors of 181528976?
2, 41, 276721
List the prime factors of 35883508.
2, 8970877
What are the prime factors of 468420088?
2, 109, 179, 3001
What are the prime factors of 152049651?
3, 13, 223, 17483
List the prime factors of 79831031.
7, 17, 670849
What are the prime factors of 33288847?
71, 397, 1181
List the prime factors of 67208373.
3, 829733
List the prime factors of 1308319636.
2, 13, 47, 535319
List the prime factors of 64566420.
2, 3, 5, 1076107
List the prime factors of 6130105551.
3, 681122839
List the prime factors of 726507409.
199, 3650791
What are the prime factors of 1704728591?
1704728591
What are the prime factors of 51107969?
11, 4646179
What are the prime factors of 1260926124?
2, 3, 105077177
List the prime factors of 8808082.
2, 47, 93703
List the prime factors of 551454126.
2, 3, 17, 1663, 3251
What are the prime factors of 15898565?
5, 103, 30871
What are the prime factors of 17269665?
3, 5, 7, 23, 7151
List the prime factors of 1930238145.
3, 5, 11, 3899471
List the prime factors of 63338439.
3, 21112813
List the prime factors of 522529527.
3, 13, 17, 788129
List the prime factors of 801592344.
2, 3, 7, 1590461
What are the prime factors of 15906463?
15906463
List the prime factors of 55402441.
29, 1910429
List the prime factors of 4345689082.
2, 7, 19, 269, 60733
List the prime factors of 1984503676.
2, 71, 733, 9533
What are the prime factors of 253874840?
2, 5, 113, 56167
What are the prime factors of 1582277106?
2, 3, 43, 6132857
List the prime factors of 973808112.
2, 3, 2081, 9749
List the prime factors of 106988630.
2, 5, 7, 1528409
What are the prime factors of